est common factor of 156 and 260.
52
What is the greatest common divisor of 7 and 224?
7
What is the highest common factor of 69 and 1587?
69
What is the greatest common factor of 22 and 176?
22
Calculate the highest common factor of 189 and 3486.
21
What is the greatest common factor of 14 and 182?
14
Calculate the greatest common divisor of 19 and 51.
1
Calculate the greatest common factor of 15 and 3555.
15
Calculate the greatest common factor of 2 and 162.
2
Calculate the highest common divisor of 28 and 4802.
14
What is the greatest common factor of 3441 and 744?
93
Calculate the highest common divisor of 413 and 7.
7
Calculate the greatest common divisor of 1242 and 184.
46
Calculate the highest common factor of 374 and 9554.
34
What is the greatest common factor of 13225 and 25?
25
What is the greatest common factor of 390 and 90?
30
Calculate the highest common divisor of 19 and 2033.
19
What is the highest common divisor of 228 and 16644?
228
What is the highest common factor of 126 and 126?
126
What is the greatest common factor of 84 and 1296?
12
Calculate the greatest common factor of 2921 and 207.
23
What is the greatest common factor of 124 and 3906?
62
What is the highest common factor of 155 and 15?
5
Calculate the greatest common factor of 16 and 2312.
8
Calculate the highest common factor of 91 and 14.
7
Calculate the highest common factor of 8 and 3264.
8
What is the greatest common divisor of 27 and 189?
27
What is the highest common divisor of 1903 and 11?
11
What is the highest common divisor of 999 and 185?
37
Calculate the greatest common divisor of 102 and 1938.
102
Calculate the highest common factor of 18168 and 96.
24
What is the greatest common factor of 328 and 246?
82
Calculate the greatest common divisor of 262 and 7729.
131
Calculate the highest common factor of 50064 and 168.
168
Calculate the greatest common divisor of 22 and 44.
22
What is the highest common factor of 1309 and 308?
77
What is the greatest common factor of 8 and 2312?
8
What is the highest common factor of 1176 and 672?
168
Calculate the greatest common factor of 144 and 18.
18
What is the highest common divisor of 192 and 1856?
64
Calculate the greatest common divisor of 25 and 45.
5
What is the greatest common factor of 41 and 2009?
41
What is the highest common divisor of 1173 and 138?
69
Calculate the greatest common factor of 5882 and 136.
34
What is the highest common factor of 549 and 244?
61
Calculate the greatest common divisor of 20 and 4635.
5
Calculate the greatest common divisor of 45 and 3411.
9
Calculate the highest common factor of 11 and 880.
11
What is the highest common factor of 16074 and 19?
19
What is the greatest common divisor of 925 and 25?
25
Calculate the greatest common divisor of 66012 and 12.
12
What is the greatest common factor of 7 and 175?
7
Calculate the greatest common divisor of 1 and 19.
1
Calculate the highest common divisor of 627 and 114.
57
What is the greatest common divisor of 119 and 28?
7
What is the greatest common divisor of 996 and 60?
12
What is the greatest common factor of 210 and 525?
105
Calculate the highest common factor of 66048 and 192.
192
Calculate the highest common divisor of 17577 and 217.
217
Calculate the highest common divisor of 384 and 6.
6
Calculate the greatest common factor of 4 and 82.
2
What is the highest common factor of 32 and 864?
32
What is the greatest common divisor of 1 and 59?
1
Calculate the highest common factor of 759 and 69.
69
What is the greatest common divisor of 98 and 2009?
49
Calculate the highest common factor of 540 and 1140.
60
Calculate the highest common factor of 437 and 69.
23
What is the highest common factor of 12 and 44040?
12
What is the highest common divisor of 7456 and 96?
32
What is the highest common divisor of 452 and 20?
4
What is the highest common divisor of 19 and 247?
19
Calculate the greatest common divisor of 26 and 650.
26
Calculate the greatest common divisor of 1170 and 36.
18
Calculate the highest common divisor of 126 and 686.
14
Calculate the greatest common divisor of 868 and 992.
124
Calculate the highest common divisor of 14 and 10.
2
Calculate the greatest common divisor of 12 and 57.
3
What is the highest common divisor of 1992 and 120?
24
Calculate the greatest common factor of 24 and 40.
8
Calculate the greatest common factor of 3115 and 35.
35
Calculate the greatest common divisor of 1188 and 27.
27
What is the highest common divisor of 1172 and 8?
4
Calculate the highest common factor of 357 and 5831.
119
Calculate the highest common factor of 2000 and 240.
80
What is the highest common factor of 160 and 10?
10
Calculate the greatest common divisor of 294 and 42.
42
What is the highest common factor of 26866 and 14?
14
Calculate the greatest common factor of 52696 and 56.
56
Calculate the highest common factor of 12 and 996.
12
Calculate the highest common divisor of 1079 and 332.
83
What is the highest common factor of 744 and 120?
24
Calculate the highest common factor of 12 and 30.
6
What is the highest common divisor of 484 and 550?
22
What is the highest common divisor of 1703 and 26?
13
What is the greatest common factor of 18 and 6804?
18
Calculate the highest common divisor of 174 and 12.
6
What is the greatest common divisor of 230 and 92?
46
What is the highest common divisor of 10019 and 1631?
233
What is the highest common divisor of 48659 and 247?
247
What is the highest common divisor of 286 and 104?
26
What is the highest common factor of 12 and 348?
12
Calculate the highest common factor of 84 and 16.
4
What is the greatest common divisor of 130 and 3250?
130
Calculate the greatest common divisor of 96 and 4512.
96
Calculate the greatest common divisor of 34 and 170.
34
Calculate the highest common factor of 112 and 16.
16
Calculate the greatest common factor of 3706 and 34.
34
What is the highest common divisor of 518 and 14?
14
Calculate the highest common divisor of 18 and 117.
9
What is the greatest common divisor of 2884 and 22660?
412
What is the highest common divisor of 238 and 1972?
34
What is the highest common divisor of 100 and 32?
4
What is the highest common divisor of 14 and 287?
7
Calculate the highest common factor of 54 and 729.
27
Calculate the greatest common factor of 30 and 450.
30
Calculate the highest common divisor of 318 and 265.
53
What is the greatest common factor of 88 and 594?
22
Calculate the greatest common factor of 60 and 45.
15
Calculate the greatest common factor of 280 and 35.
35
What is the greatest common divisor of 27 and 1215?
27
What is the highest common factor of 340 and 1156?
68
What is the highest common factor of 1633 and 46?
23
Calculate the highest common factor of 13 and 104.
13
Calculate the highest common divisor of 6426 and 27.
27
Calculate the highest common divisor of 609 and 21.
21
What is the highest common factor of 5 and 785?
5
What is the greatest common factor of 1296 and 81?
81
Calculate the greatest common divisor of 570 and 60.
30
Calculate the highest common divisor of 551 and 841.
29
Calculate the greatest common divisor of 680 and 55.
5
Calculate the greatest common factor of 551 and 319.
29
What is the greatest common divisor of 90 and 4410?
90
Calculate the greatest common divisor of 4131 and 162.
81
What is the highest common factor of 3 and 681?
3
Calculate the highest common factor of 36 and 13410.
18
Calculate the greatest common factor of 44 and 428.
4
What is the greatest common factor of 324 and 60?
12
What is the highest common factor of 18 and 486?
18
Calculate the greatest common factor of 873 and 1649.
97
What is the highest common divisor of 24 and 324?
12
Calculate the highest common divisor of 1862 and 304.
38
What is the greatest common divisor of 5 and 2?
1
Calculate the highest common divisor of 9 and 1431.
9
What is the highest common divisor of 1178 and 38?
38
What is the highest common factor of 50 and 450?
50
What is the greatest common divisor of 28 and 168?
28
Calculate the highest common factor of 12 and 4.
4
What is the highest common divisor of 110 and 1298?
22
Calculate the greatest common divisor of 75 and 175.
25
What is the highest common divisor of 9640 and 10?
10
What is the highest common div